f 1505?
5
What is the units digit of 3515?
5
What is the tens digit of 18807?
0
What is the units digit of 98569?
9
What is the tens digit of 1041?
4
What is the thousands digit of 54131?
4
What is the units digit of 8763?
3
What is the hundreds digit of 338?
3
What is the tens digit of 105?
0
What is the ten thousands digit of 11212?
1
What is the hundreds digit of 2380?
3
What is the hundreds digit of 42857?
8
What is the tens digit of 3131?
3
What is the units digit of 7891?
1
What is the ten thousands digit of 123423?
2
What is the units digit of 2048?
8
What is the thousands digit of 2326?
2
What is the hundreds digit of 890?
8
What is the hundreds digit of 4819?
8
What is the units digit of 620?
0
What is the hundreds digit of 39830?
8
What is the tens digit of 2159?
5
What is the units digit of 13246?
6
What is the hundreds digit of 569?
5
What is the tens digit of 7839?
3
What is the hundreds digit of 740?
7
What is the units digit of 44738?
8
What is the units digit of 2282?
2
What is the tens digit of 4163?
6
What is the thousands digit of 13452?
3
What is the tens digit of 587?
8
What is the hundreds digit of 34546?
5
What is the hundreds digit of 563?
5
What is the hundreds digit of 2672?
6
What is the tens digit of 3775?
7
What is the hundreds digit of 3719?
7
What is the units digit of 94314?
4
What is the tens digit of 7917?
1
What is the ten thousands digit of 27797?
2
What is the hundreds digit of 1637?
6
What is the units digit of 46504?
4
What is the hundreds digit of 4718?
7
What is the hundreds digit of 132604?
6
What is the tens digit of 384?
8
What is the units digit of 8369?
9
What is the tens digit of 1461?
6
What is the units digit of 21438?
8
What is the units digit of 22069?
9
What is the thousands digit of 20857?
0
What is the ten thousands digit of 115762?
1
What is the thousands digit of 5565?
5
What is the tens digit of 2337?
3
What is the tens digit of 827?
2
What is the tens digit of 1268?
6
What is the units digit of 4475?
5
What is the units digit of 136567?
7
What is the hundreds digit of 8440?
4
What is the tens digit of 37422?
2
What is the units digit of 759?
9
What is the hundreds digit of 935?
9
What is the units digit of 33669?
9
What is the units digit of 8892?
2
What is the hundreds digit of 189?
1
What is the tens digit of 7018?
1
What is the hundreds digit of 8504?
5
What is the hundreds digit of 9784?
7
What is the units digit of 3682?
2
What is the units digit of 1540?
0
What is the tens digit of 37148?
4
What is the units digit of 6094?
4
What is the hundreds digit of 167305?
3
What is the ten thousands digit of 138889?
3
What is the hundreds digit of 7374?
3
What is the tens digit of 528?
2
What is the hundreds digit of 991?
9
What is the thousands digit of 4733?
4
What is the thousands digit of 1175?
1
What is the hundreds digit of 3208?
2
What is the hundreds digit of 21988?
9
What is the units digit of 46296?
6
What is the hundreds digit of 2400?
4
What is the thousands digit of 45378?
5
What is the hundreds digit of 1961?
9
What is the units digit of 2227?
7
What is the tens digit of 985?
8
What is the hundreds digit of 122204?
2
What is the tens digit of 3049?
4
What is the hundreds digit of 17308?
3
What is the units digit of 19?
9
What is the hundreds digit of 201?
2
What is the tens digit of 55905?
0
What is the tens digit of 3892?
9
What is the units digit of 14077?
7
What is the units digit of 1543?
3
What is the hundreds digit of 1509?
5
What is the tens digit of 79?
7
What is the thousands digit of 6982?
6
What is the units digit of 7826?
6
What is the tens digit of 744?
4
What is the ten thousands digit of 66327?
6
What is the tens digit of 380?
8
What is the units digit of 331?
1
What is the units digit of 16862?
2
What is the ten thousands digit of 11000?
1
What is the thousands digit of 58182?
8
What is the tens digit of 20423?
2
What is the hundreds digit of 36479?
4
What is the hundreds digit of 11698?
6
What is the thousands digit of 9793?
9
What is the tens digit of 4093?
9
What is the tens digit of 4988?
8
What is the hundreds digit of 836?
8
What is the hundreds digit of 141282?
2
What is the tens digit of 1251?
5
What is the units digit of 180?
0
What is the units digit of 2024?
4
What is the thousands digit of 3503?
3
What is the hundreds digit of 5085?
0
What is the thousands digit of 7233?
7
What is the hundreds digit of 7537?
5
What is the units digit of 2251?
1
What is the hundreds digit of 77116?
1
What is the units digit of 30924?
4
What is the thousands digit of 105414?
5
What is the units digit of 1889?
9
What is the units digit of 13536?
6
What is the thousands digit of 5690?
5
What is the units digit of 16482?
2
What is the hundreds digit of 529?
5
What is the tens digit of 856?
5
What is the tens digit of 17440?
4
What is the hundreds digit of 868?
8
What is the units digit of 179?
9
What is the hundreds digit of 28053?
0
What is the hundreds digit of 1335?
3
What is the thousands digit of 3851?
3
What is the tens digit of 16857?
5
What is the units digit of 7311?
1
What is the tens digit of 2381?
8
What is the units digit of 804?
4
What is the hundreds digit of 109?
1
What is the hundreds digit of 2286?
2
What is the ten thousands digit of 36590?
3
What is the hundreds digit of 4288?
2
What is the thousands digit of 3557?
3
What is the tens digit of 1497?
9
What is the units digit of 29586?
6
What is the hundreds digit of 3654?
6
What is the ten thousands digit of 38948?
3
What is the tens digit of 1749?
4
What is the thousands digit of 71981?
1
What is the hundreds digit of 1072?
0
What is the tens digit of 4749?
4
What is the tens digit of 750?
5
What is the ten thousands digit of 12479?
1
What is the hundreds digit of 580?
5
What is the thousands digit of 8215?
8
What is the thousands digit of 69196?
9
What is the thousands digit of 8278?
8
What is the hundreds digit of 1688?
6
What is the thousands digit of 1573?
1
What is the tens digit of 34823?
2
What is the tens digit of 1342?
4
What is the thousands digit of 2467?
2
What is the hundreds digit of 8824?
8
What is the tens digit of 10958?
5
What is the hundreds digit of 13464?
4
What is the hundreds digit of 10010?
0
What is the hundreds digit of 20778?
7
What is the tens digit of 13583?
8
What is the tens digit of 1179?
7
What is the tens digit of 1536?
3
What is the tens digit of 187?
8
What is the thousands digit of 1030?
1
What is the units digit of 1301?
1
What is the tens digit of 1085?
8
What is the units digit of 664?
4
What is the tens digit of 571?
7
What is the tens digit of 7577?
7
What is the hundreds digit of 1007?
0
What is the hundreds digit of 694?
6
What is the tens digit of 18108?
0
What is the tens digit of 23?
2
What is the thousands digit of 2412?
2
What is the thousands digit of 3078?
3
What is the hundreds digit of 129914?
9
What is the thousands digit of 1063?
1
What is the tens digit of 2691?
9
What is the hundreds digit of 1379?
3
What is the tens digit of 38510?
1
What is the hundreds digit of 1777?
7
What is the tens digit of 24246?
4
What is the ten thousands digit of 12887?
1
What is the hundreds digit of 1447?
4
What is the tens digit of 107435?
3
What is the units digit of 1192?
2
What is the units digit of 33706?
6
What is the units digit of 9142?
2
What is the units digit of 58043?
3
What is the thousands digit of 121211?
1
What is the units digit of 61776?
6
What is the thousands digit of 12339?
2
What is the tens digit of 1671?
7
What is the tens digit of 81537?
3
What is the tens digit of 56?
5
What is the thousands digit of 19079?
9
What is the ten thousands digit of 12604?
1
What is the tens digit of 150367?
6
What is the units digit of 8545?
5
What is the hundreds digit of 44838?
8
What is the units digit of 29125?
5
What is the hundreds digit of 879?
8
What is the units digit of 468?
8
What is the tens digit of 527?
2
What is the tens digit of 4552?
5
What is the units digit of 773?
3
What is the hundreds digit of 23837?
8
What is the thousands digit of 5557?
5
What is the thousands digit of 136708?
6
What is the hundreds digit of 10100?
1
What is the tens digit of 255?
5
What is the thousands digit of 1759?
1
What is the units digit of 8432?
2
What is the